{"id":1502,"date":"2018-02-19T18:32:50","date_gmt":"2018-02-19T18:32:50","guid":{"rendered":"http:\/\/www.debomarti.com\/?page_id=1502"},"modified":"2020-11-07T09:19:48","modified_gmt":"2020-11-07T09:19:48","slug":"contacto","status":"publish","type":"page","link":"https:\/\/www.ernestoriol.com\/index.php\/contacto\/","title":{"rendered":"CONTACTO"},"content":{"rendered":"<p>[vc_row 0=\u00bb\u00bb][vc_column 0=\u00bb\u00bb][vc_custom_heading text=\u00bbCONTACTO\u00bb font_container=\u00bbtag:h2|font_size:40|text_align:center\u00bb google_fonts=\u00bbfont_family:Roboto%3A100%2C100italic%2C300%2C300italic%2Cregular%2Citalic%2C500%2C500italic%2C700%2C700italic%2C900%2C900italic|font_style:400%20regular%3A400%3Anormal\u00bb][vc_column_text 0=\u00bb\u00bb]<\/p>\n<p style=\"text-align: center;\">En ernest Oriol queremos estar cerca de nuestros clientes, a su disposici\u00f3n.<\/p>\n<p>[\/vc_column_text][vc_separator 0=\u00bb\u00bb][\/vc_column][\/vc_row][vc_row 0=\u00bb\u00bb][vc_column width=\u00bb1\/3&#8243;][vc_text_separator title=\u00bbpor tel\u00e9fono\u00bb style=\u00bbplain\u00bb use_icon=\u00bbyes\u00bb icon=\u00bbphone\u00bb add_icon=\u00bbtrue\u00bb][vc_column_text 0=\u00bb\u00bb]<\/p>\n<p style=\"text-align: center;\">+34 636 842 988 (WhatsApp)<\/p>\n<p>[\/vc_column_text][\/vc_column][vc_column width=\u00bb1\/3&#8243;][vc_text_separator title=\u00bbtienda\u00bb style=\u00bbplain\u00bb use_icon=\u00bbyes\u00bb icon=\u00bblocation\u00bb add_icon=\u00bbtrue\u00bb][vc_column_text 0=\u00bb\u00bb]<\/p>\n<p style=\"text-align: center;\">Carrer de Proven\u00e7a, 290, Entresuelo 1a, 08008 Barcelona<\/p>\n<p>[\/vc_column_text][\/vc_column][vc_column width=\u00bb1\/3&#8243;][vc_text_separator title=\u00bbmail\u00bb style=\u00bbplain\u00bb use_icon=\u00bbyes\u00bb icon=\u00bbmail\u00bb add_icon=\u00bbtrue\u00bb][vc_column_text 0=\u00bb\u00bb]<\/p>\n<p style=\"text-align: center;\">info@ernestoriol.com<\/p>\n<p>[\/vc_column_text][\/vc_column][\/vc_row][vc_row 0=\u00bb\u00bb][vc_column 0=\u00bb\u00bb][vc_column_text]<\/p>\n<p style=\"text-align: center;\">Los Sabados solo atenderemos bajo cita previa al telefono +34 636 842 988<\/p>\n<p>[\/vc_column_text][vc_empty_space height=\u00bb60px\u00bb][\/vc_column][\/vc_row][vc_row 0=\u00bb\u00bb][vc_column width=\u00bb1\/2&#8243;]<div role=\"form\" class=\"wpcf7\" id=\"wpcf7-f5-o1\" lang=\"es-ES\" dir=\"ltr\">\n<div class=\"screen-reader-response\"><p role=\"status\" aria-live=\"polite\" aria-atomic=\"true\"><\/p> <ul><\/ul><\/div>\n<form action=\"\/index.php\/wp-json\/wp\/v2\/pages\/1502#wpcf7-f5-o1\" method=\"post\" class=\"wpcf7-form init\" novalidate=\"novalidate\" data-status=\"init\">\n<div style=\"display: none;\">\n<input type=\"hidden\" name=\"_wpcf7\" value=\"5\" \/>\n<input type=\"hidden\" name=\"_wpcf7_version\" value=\"5.6.3\" \/>\n<input type=\"hidden\" name=\"_wpcf7_locale\" value=\"es_ES\" \/>\n<input type=\"hidden\" name=\"_wpcf7_unit_tag\" value=\"wpcf7-f5-o1\" \/>\n<input type=\"hidden\" name=\"_wpcf7_container_post\" value=\"0\" \/>\n<input type=\"hidden\" name=\"_wpcf7_posted_data_hash\" value=\"\" \/>\n<\/div>\n<p><label> Nombre (requerido)<br \/>\n    <span class=\"wpcf7-form-control-wrap\" data-name=\"your-name\"><input type=\"text\" name=\"your-name\" value=\"\" size=\"40\" class=\"wpcf7-form-control wpcf7-text wpcf7-validates-as-required\" aria-required=\"true\" aria-invalid=\"false\" \/><\/span> <\/label><\/p>\n<p><label> Tu correo electr\u00f3nico (requerido)<br \/>\n    <span class=\"wpcf7-form-control-wrap\" data-name=\"your-email\"><input type=\"email\" name=\"your-email\" value=\"\" size=\"40\" class=\"wpcf7-form-control wpcf7-text wpcf7-email wpcf7-validates-as-required wpcf7-validates-as-email\" aria-required=\"true\" aria-invalid=\"false\" \/><\/span> <\/label><\/p>\n<p><label> Asunto<br \/>\n    <span class=\"wpcf7-form-control-wrap\" data-name=\"your-subject\"><input type=\"text\" name=\"your-subject\" value=\"\" size=\"40\" class=\"wpcf7-form-control wpcf7-text\" aria-invalid=\"false\" \/><\/span> <\/label><\/p>\n<p><label> Mensaje<br \/>\n    <span class=\"wpcf7-form-control-wrap\" data-name=\"your-message\"><textarea name=\"your-message\" cols=\"40\" rows=\"10\" class=\"wpcf7-form-control wpcf7-textarea\" aria-invalid=\"false\"><\/textarea><\/span> <\/label><\/p>\n<p><input type=\"submit\" value=\"Enviar\" class=\"wpcf7-form-control has-spinner wpcf7-submit\" \/><\/p>\n<p style=\"display: none !important;\"><label>&#916;<textarea name=\"_wpcf7_ak_hp_textarea\" cols=\"45\" rows=\"8\" maxlength=\"100\"><\/textarea><\/label><input type=\"hidden\" id=\"ak_js_1\" name=\"_wpcf7_ak_js\" value=\"93\"\/><script>document.getElementById( \"ak_js_1\" ).setAttribute( \"value\", ( new Date() ).getTime() );<\/script><\/p><div class=\"wpcf7-response-output\" aria-hidden=\"true\"><\/div><\/form><\/div>[\/vc_column][vc_column width=\u00bb1\/2&#8243;][vc_gmaps link=\u00bb#E-8_JTNDaWZyYW1lJTIwc3JjJTNEJTIyaHR0cHMlM0ElMkYlMkZ3d3cuZ29vZ2xlLmNvbSUyRm1hcHMlMkZlbWJlZCUzRnBiJTNEJTIxMW0xNCUyMTFtOCUyMTFtMyUyMTFkMTE5NzIuMzE4NDMwMTY0NjA5JTIxMmQyLjE2MTI1NjMlMjEzZDQxLjM5NDA3NzUlMjEzbTIlMjExaTEwMjQlMjEyaTc2OCUyMTRmMTMuMSUyMTNtMyUyMTFtMiUyMTFzMHgwJTI1M0EweGM2ODllYjMyOTI5ZGYzZjclMjEyc0pvaWVyaWElMjUyMEVybmVzdCUyNTIwT3Jpb2wlMjE1ZTAlMjEzbTIlMjExc2VzLTQxOSUyMTJzZXMlMjE0djE1OTE4NzY4NTU2NjklMjE1bTIlMjExc2VzLTQxOSUyMTJzZXMlMjIlMjB3aWR0aCUzRCUyMjYwMCUyMiUyMGhlaWdodCUzRCUyMjQ1MCUyMiUyMGZyYW1lYm9yZGVyJTNEJTIyMCUyMiUyMHN0eWxlJTNEJTIyYm9yZGVyJTNBMCUzQiUyMiUyMGFsbG93ZnVsbHNjcmVlbiUzRCUyMiUyMiUyMGFyaWEtaGlkZGVuJTNEJTIyZmFsc2UlMjIlMjB0YWJpbmRleCUzRCUyMjAlMjIlM0UlM0MlMkZpZnJhbWUlM0U=\u00bb][vc_column_text 0=\u00bb\u00bb][\/vc_column_text][\/vc_column][vc_column][\/vc_column][\/vc_row][vc_row 0=\u00bb\u00bb][vc_column 0=\u00bb\u00bb][vc_column_text 0=\u00bb\u00bb]\u201cDe conformidad con lo establecido en la normativa vigente en Protecci\u00f3n de Datos de Car\u00e1cter Personal, le informamos que sus datos ser\u00e1n incorporados al sistema de tratamiento titularidad de ERNEST S.L. con CIF B0886765 y domicilio social sito en Carrer de Proven\u00e7a, 290, 08080 Barcelona , con la finalidad de atender sus consultas y remitirle informaci\u00f3n relacionada que pueda ser de su inter\u00e9s. En cumplimiento con la normativa vigente, ERNEST S.L. informa que los datos ser\u00e1n conservados durante el plazo estrictamente necesario para cumplir con los preceptos mencionados con anterioridad. Mientras no nos comunique lo contrario, entenderemos que sus datos no han sido modificados, que usted se compromete a notificarnos cualquier variaci\u00f3n y que tenemos su consentimiento para utilizarlos para las finalidades mencionadas.[\/vc_column_text][\/vc_column][\/vc_row]<\/p>\n","protected":false},"excerpt":{"rendered":"<p>[vc_row 0=\u00bb\u00bb][vc_column 0=\u00bb\u00bb][vc_custom_heading text=\u00bbCONTACTO\u00bb font_container=\u00bbtag:h2|font_size:40|text_align:center\u00bb google_fonts=\u00bbfont_family:Roboto%3A100%2C100italic%2C300%2C300italic%2Cregular%2Citalic%2C500%2C500italic%2C700%2C700italic%2C900%2C900italic|font_style:400%20regular%3A400%3Anormal\u00bb][vc_column_text 0=\u00bb\u00bb] En ernest Oriol queremos estar cerca de nuestros clientes, a su disposici\u00f3n. [\/vc_column_text][vc_separator 0=\u00bb\u00bb][\/vc_column][\/vc_row][vc_row 0=\u00bb\u00bb][vc_column width=\u00bb1\/3&#8243;][vc_text_separator title=\u00bbpor tel\u00e9fono\u00bb style=\u00bbplain\u00bb use_icon=\u00bbyes\u00bb icon=\u00bbphone\u00bb add_icon=\u00bbtrue\u00bb][vc_column_text 0=\u00bb\u00bb] +34 636 842 988 (WhatsApp) [\/vc_column_text][\/vc_column][vc_column width=\u00bb1\/3&#8243;][vc_text_separator title=\u00bbtienda\u00bb style=\u00bbplain\u00bb use_icon=\u00bbyes\u00bb icon=\u00bblocation\u00bb add_icon=\u00bbtrue\u00bb][vc_column_text 0=\u00bb\u00bb] Carrer de Proven\u00e7a, 290, Entresuelo 1a, 08008 Barcelona [\/vc_column_text][\/vc_column][vc_column width=\u00bb1\/3&#8243;][vc_text_separator title=\u00bbmail\u00bb style=\u00bbplain\u00bb use_icon=\u00bbyes\u00bb icon=\u00bbmail\u00bb add_icon=\u00bbtrue\u00bb][vc_column_text 0=\u00bb\u00bb] info@ernestoriol.com [\/vc_column_text][\/vc_column][\/vc_row][vc_row 0=\u00bb\u00bb][vc_column 0=\u00bb\u00bb][vc_column_text] Los Sabados solo atenderemos bajo cita previa al telefono +34 636 842&hellip;<\/p>\n","protected":false},"author":4,"featured_media":0,"parent":0,"menu_order":0,"comment_status":"closed","ping_status":"closed","template":"","meta":{"_mi_skip_tracking":false},"acf":[],"yoast_head":"<!-- This site is optimized with the Yoast SEO plugin v19.7.1 - https:\/\/yoast.com\/wordpress\/plugins\/seo\/ -->\n<title>CONTACTO - Ernest Oriol<\/title>\n<meta name=\"robots\" content=\"index, follow, max-snippet:-1, max-image-preview:large, max-video-preview:-1\" \/>\n<link rel=\"canonical\" href=\"https:\/\/www.ernestoriol.com\/index.php\/contacto\/\" \/>\n<meta property=\"og:locale\" content=\"es_ES\" \/>\n<meta property=\"og:type\" content=\"article\" \/>\n<meta property=\"og:title\" content=\"CONTACTO - Ernest Oriol\" \/>\n<meta property=\"og:description\" content=\"[vc_row 0=\u00bb\u00bb][vc_column 0=\u00bb\u00bb][vc_custom_heading text=\u00bbCONTACTO\u00bb font_container=\u00bbtag:h2|font_size:40|text_align:center\u00bb google_fonts=\u00bbfont_family:Roboto%3A100%2C100italic%2C300%2C300italic%2Cregular%2Citalic%2C500%2C500italic%2C700%2C700italic%2C900%2C900italic|font_style:400%20regular%3A400%3Anormal\u00bb][vc_column_text 0=\u00bb\u00bb] En ernest Oriol queremos estar cerca de nuestros clientes, a su disposici\u00f3n. [\/vc_column_text][vc_separator 0=\u00bb\u00bb][\/vc_column][\/vc_row][vc_row 0=\u00bb\u00bb][vc_column width=\u00bb1\/3&#8243;][vc_text_separator title=\u00bbpor tel\u00e9fono\u00bb style=\u00bbplain\u00bb use_icon=\u00bbyes\u00bb icon=\u00bbphone\u00bb add_icon=\u00bbtrue\u00bb][vc_column_text 0=\u00bb\u00bb] +34 636 842 988 (WhatsApp) [\/vc_column_text][\/vc_column][vc_column width=\u00bb1\/3&#8243;][vc_text_separator title=\u00bbtienda\u00bb style=\u00bbplain\u00bb use_icon=\u00bbyes\u00bb icon=\u00bblocation\u00bb add_icon=\u00bbtrue\u00bb][vc_column_text 0=\u00bb\u00bb] Carrer de Proven\u00e7a, 290, Entresuelo 1a, 08008 Barcelona [\/vc_column_text][\/vc_column][vc_column width=\u00bb1\/3&#8243;][vc_text_separator title=\u00bbmail\u00bb style=\u00bbplain\u00bb use_icon=\u00bbyes\u00bb icon=\u00bbmail\u00bb add_icon=\u00bbtrue\u00bb][vc_column_text 0=\u00bb\u00bb] info@ernestoriol.com [\/vc_column_text][\/vc_column][\/vc_row][vc_row 0=\u00bb\u00bb][vc_column 0=\u00bb\u00bb][vc_column_text] Los Sabados solo atenderemos bajo cita previa al telefono +34 636 842&hellip;\" \/>\n<meta property=\"og:url\" content=\"https:\/\/www.ernestoriol.com\/index.php\/contacto\/\" \/>\n<meta property=\"og:site_name\" content=\"Ernest Oriol\" \/>\n<meta property=\"article:publisher\" content=\"https:\/\/www.facebook.com\/Ernest-Oriol-Joyeros-671836189588065\" \/>\n<meta property=\"article:modified_time\" content=\"2020-11-07T09:19:48+00:00\" \/>\n<meta name=\"twitter:card\" content=\"summary_large_image\" \/>\n<meta name=\"twitter:label1\" content=\"Tiempo de lectura\" \/>\n\t<meta name=\"twitter:data1\" content=\"2 minutos\" \/>\n<script type=\"application\/ld+json\" class=\"yoast-schema-graph\">{\"@context\":\"https:\/\/schema.org\",\"@graph\":[{\"@type\":\"WebPage\",\"@id\":\"https:\/\/www.ernestoriol.com\/index.php\/contacto\/\",\"url\":\"https:\/\/www.ernestoriol.com\/index.php\/contacto\/\",\"name\":\"CONTACTO - Ernest Oriol\",\"isPartOf\":{\"@id\":\"https:\/\/www.ernestoriol.com\/#website\"},\"datePublished\":\"2018-02-19T18:32:50+00:00\",\"dateModified\":\"2020-11-07T09:19:48+00:00\",\"breadcrumb\":{\"@id\":\"https:\/\/www.ernestoriol.com\/index.php\/contacto\/#breadcrumb\"},\"inLanguage\":\"es\",\"potentialAction\":[{\"@type\":\"ReadAction\",\"target\":[\"https:\/\/www.ernestoriol.com\/index.php\/contacto\/\"]}]},{\"@type\":\"BreadcrumbList\",\"@id\":\"https:\/\/www.ernestoriol.com\/index.php\/contacto\/#breadcrumb\",\"itemListElement\":[{\"@type\":\"ListItem\",\"position\":1,\"name\":\"Portada\",\"item\":\"https:\/\/www.ernestoriol.com\/\"},{\"@type\":\"ListItem\",\"position\":2,\"name\":\"CONTACTO\"}]},{\"@type\":\"WebSite\",\"@id\":\"https:\/\/www.ernestoriol.com\/#website\",\"url\":\"https:\/\/www.ernestoriol.com\/\",\"name\":\"Ernest Oriol\",\"description\":\"Joyer\u00eda, brillantes, brillantes y piedras preciosas\",\"potentialAction\":[{\"@type\":\"SearchAction\",\"target\":{\"@type\":\"EntryPoint\",\"urlTemplate\":\"https:\/\/www.ernestoriol.com\/?s={search_term_string}\"},\"query-input\":\"required name=search_term_string\"}],\"inLanguage\":\"es\"}]}<\/script>\n<!-- \/ Yoast SEO plugin. -->","yoast_head_json":{"title":"CONTACTO - Ernest Oriol","robots":{"index":"index","follow":"follow","max-snippet":"max-snippet:-1","max-image-preview":"max-image-preview:large","max-video-preview":"max-video-preview:-1"},"canonical":"https:\/\/www.ernestoriol.com\/index.php\/contacto\/","og_locale":"es_ES","og_type":"article","og_title":"CONTACTO - Ernest Oriol","og_description":"[vc_row 0=\u00bb\u00bb][vc_column 0=\u00bb\u00bb][vc_custom_heading text=\u00bbCONTACTO\u00bb font_container=\u00bbtag:h2|font_size:40|text_align:center\u00bb google_fonts=\u00bbfont_family:Roboto%3A100%2C100italic%2C300%2C300italic%2Cregular%2Citalic%2C500%2C500italic%2C700%2C700italic%2C900%2C900italic|font_style:400%20regular%3A400%3Anormal\u00bb][vc_column_text 0=\u00bb\u00bb] En ernest Oriol queremos estar cerca de nuestros clientes, a su disposici\u00f3n. [\/vc_column_text][vc_separator 0=\u00bb\u00bb][\/vc_column][\/vc_row][vc_row 0=\u00bb\u00bb][vc_column width=\u00bb1\/3&#8243;][vc_text_separator title=\u00bbpor tel\u00e9fono\u00bb style=\u00bbplain\u00bb use_icon=\u00bbyes\u00bb icon=\u00bbphone\u00bb add_icon=\u00bbtrue\u00bb][vc_column_text 0=\u00bb\u00bb] +34 636 842 988 (WhatsApp) [\/vc_column_text][\/vc_column][vc_column width=\u00bb1\/3&#8243;][vc_text_separator title=\u00bbtienda\u00bb style=\u00bbplain\u00bb use_icon=\u00bbyes\u00bb icon=\u00bblocation\u00bb add_icon=\u00bbtrue\u00bb][vc_column_text 0=\u00bb\u00bb] Carrer de Proven\u00e7a, 290, Entresuelo 1a, 08008 Barcelona [\/vc_column_text][\/vc_column][vc_column width=\u00bb1\/3&#8243;][vc_text_separator title=\u00bbmail\u00bb style=\u00bbplain\u00bb use_icon=\u00bbyes\u00bb icon=\u00bbmail\u00bb add_icon=\u00bbtrue\u00bb][vc_column_text 0=\u00bb\u00bb] info@ernestoriol.com [\/vc_column_text][\/vc_column][\/vc_row][vc_row 0=\u00bb\u00bb][vc_column 0=\u00bb\u00bb][vc_column_text] Los Sabados solo atenderemos bajo cita previa al telefono +34 636 842&hellip;","og_url":"https:\/\/www.ernestoriol.com\/index.php\/contacto\/","og_site_name":"Ernest Oriol","article_publisher":"https:\/\/www.facebook.com\/Ernest-Oriol-Joyeros-671836189588065","article_modified_time":"2020-11-07T09:19:48+00:00","twitter_card":"summary_large_image","twitter_misc":{"Tiempo de lectura":"2 minutos"},"schema":{"@context":"https:\/\/schema.org","@graph":[{"@type":"WebPage","@id":"https:\/\/www.ernestoriol.com\/index.php\/contacto\/","url":"https:\/\/www.ernestoriol.com\/index.php\/contacto\/","name":"CONTACTO - Ernest Oriol","isPartOf":{"@id":"https:\/\/www.ernestoriol.com\/#website"},"datePublished":"2018-02-19T18:32:50+00:00","dateModified":"2020-11-07T09:19:48+00:00","breadcrumb":{"@id":"https:\/\/www.ernestoriol.com\/index.php\/contacto\/#breadcrumb"},"inLanguage":"es","potentialAction":[{"@type":"ReadAction","target":["https:\/\/www.ernestoriol.com\/index.php\/contacto\/"]}]},{"@type":"BreadcrumbList","@id":"https:\/\/www.ernestoriol.com\/index.php\/contacto\/#breadcrumb","itemListElement":[{"@type":"ListItem","position":1,"name":"Portada","item":"https:\/\/www.ernestoriol.com\/"},{"@type":"ListItem","position":2,"name":"CONTACTO"}]},{"@type":"WebSite","@id":"https:\/\/www.ernestoriol.com\/#website","url":"https:\/\/www.ernestoriol.com\/","name":"Ernest Oriol","description":"Joyer\u00eda, brillantes, brillantes y piedras preciosas","potentialAction":[{"@type":"SearchAction","target":{"@type":"EntryPoint","urlTemplate":"https:\/\/www.ernestoriol.com\/?s={search_term_string}"},"query-input":"required name=search_term_string"}],"inLanguage":"es"}]}},"_links":{"self":[{"href":"https:\/\/www.ernestoriol.com\/index.php\/wp-json\/wp\/v2\/pages\/1502"}],"collection":[{"href":"https:\/\/www.ernestoriol.com\/index.php\/wp-json\/wp\/v2\/pages"}],"about":[{"href":"https:\/\/www.ernestoriol.com\/index.php\/wp-json\/wp\/v2\/types\/page"}],"author":[{"embeddable":true,"href":"https:\/\/www.ernestoriol.com\/index.php\/wp-json\/wp\/v2\/users\/4"}],"replies":[{"embeddable":true,"href":"https:\/\/www.ernestoriol.com\/index.php\/wp-json\/wp\/v2\/comments?post=1502"}],"version-history":[{"count":24,"href":"https:\/\/www.ernestoriol.com\/index.php\/wp-json\/wp\/v2\/pages\/1502\/revisions"}],"predecessor-version":[{"id":2204,"href":"https:\/\/www.ernestoriol.com\/index.php\/wp-json\/wp\/v2\/pages\/1502\/revisions\/2204"}],"wp:attachment":[{"href":"https:\/\/www.ernestoriol.com\/index.php\/wp-json\/wp\/v2\/media?parent=1502"}],"curies":[{"name":"wp","href":"https:\/\/api.w.org\/{rel}","templated":true}]}}