{"id":1487,"date":"2018-02-19T18:31:14","date_gmt":"2018-02-19T18:31:14","guid":{"rendered":"http:\/\/www.debomarti.com\/?page_id=1487"},"modified":"2018-07-24T11:27:16","modified_gmt":"2018-07-24T11:27:16","slug":"nosotros","status":"publish","type":"page","link":"https:\/\/www.ernestoriol.com\/index.php\/nosotros\/","title":{"rendered":"NOSOTROS"},"content":{"rendered":"<p>[vc_row][vc_column][vc_single_image image=\u00bb1743&#8243; img_size=\u00bbfull\u00bb][\/vc_column][\/vc_row][vc_row full_width=\u00bbstretch_row\u00bb css=\u00bb.vc_custom_1519280097234{background-color: #e0dacc !important;}\u00bb][vc_column][vc_custom_heading text=\u00bbTRADICI\u00d3N DESDE 1951&#8243; font_container=\u00bbtag:h5|text_align:center\u00bb use_theme_fonts=\u00bbyes\u00bb][vc_column_text]<\/p>\n<p style=\"text-align: center;\">Cada joya es una creaci\u00f3n \u00fanica, concebida y creada para cada ocasi\u00f3n.<\/p>\n<p>[\/vc_column_text][vc_empty_space][\/vc_column][\/vc_row][vc_row][vc_column][vc_custom_heading text=\u00bbCada joya es una creaci\u00f3n \u00fanica, concebida y creada para cada ocasi\u00f3n.\u00bb font_container=\u00bbtag:h6|font_size:30|text_align:center\u00bb google_fonts=\u00bbfont_family:Roboto%3A100%2C100italic%2C300%2C300italic%2Cregular%2Citalic%2C500%2C500italic%2C700%2C700italic%2C900%2C900italic|font_style:100%20light%20regular%3A100%3Anormal\u00bb][vc_empty_space][vc_column_text]S\u00f3lo as\u00ed pueden conseguir piezas \u00fanicas con la calma y la serenidad de los expertos. En la calle m\u00e1s selecta de Barcelona, paseo de Gr\u00e1cia, , Ernest Oriol lleva m\u00e1s de medio siglo en el sector de la alta joyer\u00eda . Exclusividad y calidad, cada joya es una creaci\u00f3n \u00fanica, concebida y creada para cada ocasi\u00f3n. El secreto de Ernest Oriol se fundamenta en un trabajo cuidadoso y una atenci\u00f3n especial a cada detalle. El proceso de producci\u00f3n, desde la selecci\u00f3n de las piedras, dise\u00f1o, fabricaci\u00f3n hasta la venta, se supervisa personalmente por la familia Oriol.<\/p>\n<p>Nuestra firma es sin\u00f3nimo de exclusividad y calidad. Lo saben nuestros clientes y lo denotan nuestras creaciones.[\/vc_column_text][\/vc_column][\/vc_row][vc_row][vc_column width=\u00bb1\/2&#8243;][vc_single_image image=\u00bb1671&#8243; img_size=\u00bbfull\u00bb][\/vc_column][vc_column width=\u00bb1\/2&#8243;][vc_single_image image=\u00bb1644&#8243; img_size=\u00bbfull\u00bb][\/vc_column][\/vc_row][vc_row][vc_column width=\u00bb1\/2&#8243;][vc_single_image image=\u00bb1674&#8243; img_size=\u00bbfull\u00bb][\/vc_column][vc_column width=\u00bb1\/2&#8243;][vc_single_image image=\u00bb1669&#8243; img_size=\u00bbfull\u00bb][\/vc_column][\/vc_row][vc_row][vc_column][vc_empty_space][vc_text_separator title=\u00bbD\u00d3NDE ESTAMOS\u00bb][vc_empty_space][vc_gmaps link=\u00bb#E-8_JTNDaWZyYW1lJTIwc3JjJTNEJTIyaHR0cHMlM0ElMkYlMkZ3d3cuZ29vZ2xlLmNvbSUyRm1hcHMlMkZlbWJlZCUzRnBiJTNEJTIxMW0xOCUyMTFtMTIlMjExbTMlMjExZDI5OTMuMDUwMjM5NDYzNDkzJTIxMmQyLjE1ODk2OTUxNjA4OTMzNCUyMTNkNDEuMzk0NzE1MzAzNTAyNTYlMjEybTMlMjExZjAlMjEyZjAlMjEzZjAlMjEzbTIlMjExaTEwMjQlMjEyaTc2OCUyMTRmMTMuMSUyMTNtMyUyMTFtMiUyMTFzMHgxMmE0YTI5Mzk2MTQyNjAxJTI1M0EweGM2ODllYjMyOTI5ZGYzZjclMjEyc0pveWVyaWElMkJFcm5lc3QlMkJPcmlvbCUyMTVlMCUyMTNtMiUyMTFzY2ElMjEyc2VzJTIxNHYxNTI4NzI4ODE0ODg4JTIyJTIwd2lkdGglM0QlMjI0MDAlMjIlMjBoZWlnaHQlM0QlMjIzMDAlMjIlMjBmcmFtZWJvcmRlciUzRCUyMjAlMjIlMjBzdHlsZSUzRCUyMmJvcmRlciUzQTAlMjIlMjBhbGxvd2Z1bGxzY3JlZW4lM0UlM0MlMkZpZnJhbWUlM0U=\u00bb][\/vc_column][\/vc_row]<\/p>\n","protected":false},"excerpt":{"rendered":"<p>[vc_row][vc_column][vc_single_image image=\u00bb1743&#8243; img_size=\u00bbfull\u00bb][\/vc_column][\/vc_row][vc_row full_width=\u00bbstretch_row\u00bb css=\u00bb.vc_custom_1519280097234{background-color: #e0dacc !important;}\u00bb][vc_column][vc_custom_heading text=\u00bbTRADICI\u00d3N DESDE 1951&#8243; font_container=\u00bbtag:h5|text_align:center\u00bb use_theme_fonts=\u00bbyes\u00bb][vc_column_text] Cada joya es una creaci\u00f3n \u00fanica, concebida y creada para cada ocasi\u00f3n. [\/vc_column_text][vc_empty_space][\/vc_column][\/vc_row][vc_row][vc_column][vc_custom_heading text=\u00bbCada joya es una creaci\u00f3n \u00fanica, concebida y creada para cada ocasi\u00f3n.\u00bb font_container=\u00bbtag:h6|font_size:30|text_align:center\u00bb google_fonts=\u00bbfont_family:Roboto%3A100%2C100italic%2C300%2C300italic%2Cregular%2Citalic%2C500%2C500italic%2C700%2C700italic%2C900%2C900italic|font_style:100%20light%20regular%3A100%3Anormal\u00bb][vc_empty_space][vc_column_text]S\u00f3lo as\u00ed pueden conseguir piezas \u00fanicas con la calma y la serenidad de los expertos. En la calle m\u00e1s selecta de Barcelona, paseo de Gr\u00e1cia, , Ernest Oriol lleva m\u00e1s de medio siglo en el sector de&hellip;<\/p>\n","protected":false},"author":4,"featured_media":0,"parent":0,"menu_order":0,"comment_status":"closed","ping_status":"closed","template":"","meta":{"_mi_skip_tracking":false},"acf":[],"yoast_head":"<!-- This site is optimized with the Yoast SEO plugin v19.7.1 - https:\/\/yoast.com\/wordpress\/plugins\/seo\/ -->\n<title>NOSOTROS - Ernest Oriol<\/title>\n<meta name=\"robots\" content=\"index, follow, max-snippet:-1, max-image-preview:large, max-video-preview:-1\" \/>\n<link rel=\"canonical\" href=\"https:\/\/www.ernestoriol.com\/index.php\/nosotros\/\" \/>\n<meta property=\"og:locale\" content=\"es_ES\" \/>\n<meta property=\"og:type\" content=\"article\" \/>\n<meta property=\"og:title\" content=\"NOSOTROS - Ernest Oriol\" \/>\n<meta property=\"og:description\" content=\"[vc_row][vc_column][vc_single_image image=\u00bb1743&#8243; img_size=\u00bbfull\u00bb][\/vc_column][\/vc_row][vc_row full_width=\u00bbstretch_row\u00bb css=\u00bb.vc_custom_1519280097234{background-color: #e0dacc !important;}\u00bb][vc_column][vc_custom_heading text=\u00bbTRADICI\u00d3N DESDE 1951&#8243; font_container=\u00bbtag:h5|text_align:center\u00bb use_theme_fonts=\u00bbyes\u00bb][vc_column_text] Cada joya es una creaci\u00f3n \u00fanica, concebida y creada para cada ocasi\u00f3n. [\/vc_column_text][vc_empty_space][\/vc_column][\/vc_row][vc_row][vc_column][vc_custom_heading text=\u00bbCada joya es una creaci\u00f3n \u00fanica, concebida y creada para cada ocasi\u00f3n.\u00bb font_container=\u00bbtag:h6|font_size:30|text_align:center\u00bb google_fonts=\u00bbfont_family:Roboto%3A100%2C100italic%2C300%2C300italic%2Cregular%2Citalic%2C500%2C500italic%2C700%2C700italic%2C900%2C900italic|font_style:100%20light%20regular%3A100%3Anormal\u00bb][vc_empty_space][vc_column_text]S\u00f3lo as\u00ed pueden conseguir piezas \u00fanicas con la calma y la serenidad de los expertos. En la calle m\u00e1s selecta de Barcelona, paseo de Gr\u00e1cia, , Ernest Oriol lleva m\u00e1s de medio siglo en el sector de&hellip;\" \/>\n<meta property=\"og:url\" content=\"https:\/\/www.ernestoriol.com\/index.php\/nosotros\/\" \/>\n<meta property=\"og:site_name\" content=\"Ernest Oriol\" \/>\n<meta property=\"article:publisher\" content=\"https:\/\/www.facebook.com\/Ernest-Oriol-Joyeros-671836189588065\" \/>\n<meta property=\"article:modified_time\" content=\"2018-07-24T11:27:16+00:00\" \/>\n<meta name=\"twitter:card\" content=\"summary_large_image\" \/>\n<meta name=\"twitter:label1\" content=\"Tiempo de lectura\" \/>\n\t<meta name=\"twitter:data1\" content=\"2 minutos\" \/>\n<script type=\"application\/ld+json\" class=\"yoast-schema-graph\">{\"@context\":\"https:\/\/schema.org\",\"@graph\":[{\"@type\":\"WebPage\",\"@id\":\"https:\/\/www.ernestoriol.com\/index.php\/nosotros\/\",\"url\":\"https:\/\/www.ernestoriol.com\/index.php\/nosotros\/\",\"name\":\"NOSOTROS - Ernest Oriol\",\"isPartOf\":{\"@id\":\"https:\/\/www.ernestoriol.com\/#website\"},\"datePublished\":\"2018-02-19T18:31:14+00:00\",\"dateModified\":\"2018-07-24T11:27:16+00:00\",\"breadcrumb\":{\"@id\":\"https:\/\/www.ernestoriol.com\/index.php\/nosotros\/#breadcrumb\"},\"inLanguage\":\"es\",\"potentialAction\":[{\"@type\":\"ReadAction\",\"target\":[\"https:\/\/www.ernestoriol.com\/index.php\/nosotros\/\"]}]},{\"@type\":\"BreadcrumbList\",\"@id\":\"https:\/\/www.ernestoriol.com\/index.php\/nosotros\/#breadcrumb\",\"itemListElement\":[{\"@type\":\"ListItem\",\"position\":1,\"name\":\"Portada\",\"item\":\"https:\/\/www.ernestoriol.com\/\"},{\"@type\":\"ListItem\",\"position\":2,\"name\":\"NOSOTROS\"}]},{\"@type\":\"WebSite\",\"@id\":\"https:\/\/www.ernestoriol.com\/#website\",\"url\":\"https:\/\/www.ernestoriol.com\/\",\"name\":\"Ernest Oriol\",\"description\":\"Joyer\u00eda, brillantes, brillantes y piedras preciosas\",\"potentialAction\":[{\"@type\":\"SearchAction\",\"target\":{\"@type\":\"EntryPoint\",\"urlTemplate\":\"https:\/\/www.ernestoriol.com\/?s={search_term_string}\"},\"query-input\":\"required name=search_term_string\"}],\"inLanguage\":\"es\"}]}<\/script>\n<!-- \/ Yoast SEO plugin. -->","yoast_head_json":{"title":"NOSOTROS - Ernest Oriol","robots":{"index":"index","follow":"follow","max-snippet":"max-snippet:-1","max-image-preview":"max-image-preview:large","max-video-preview":"max-video-preview:-1"},"canonical":"https:\/\/www.ernestoriol.com\/index.php\/nosotros\/","og_locale":"es_ES","og_type":"article","og_title":"NOSOTROS - Ernest Oriol","og_description":"[vc_row][vc_column][vc_single_image image=\u00bb1743&#8243; img_size=\u00bbfull\u00bb][\/vc_column][\/vc_row][vc_row full_width=\u00bbstretch_row\u00bb css=\u00bb.vc_custom_1519280097234{background-color: #e0dacc !important;}\u00bb][vc_column][vc_custom_heading text=\u00bbTRADICI\u00d3N DESDE 1951&#8243; font_container=\u00bbtag:h5|text_align:center\u00bb use_theme_fonts=\u00bbyes\u00bb][vc_column_text] Cada joya es una creaci\u00f3n \u00fanica, concebida y creada para cada ocasi\u00f3n. [\/vc_column_text][vc_empty_space][\/vc_column][\/vc_row][vc_row][vc_column][vc_custom_heading text=\u00bbCada joya es una creaci\u00f3n \u00fanica, concebida y creada para cada ocasi\u00f3n.\u00bb font_container=\u00bbtag:h6|font_size:30|text_align:center\u00bb google_fonts=\u00bbfont_family:Roboto%3A100%2C100italic%2C300%2C300italic%2Cregular%2Citalic%2C500%2C500italic%2C700%2C700italic%2C900%2C900italic|font_style:100%20light%20regular%3A100%3Anormal\u00bb][vc_empty_space][vc_column_text]S\u00f3lo as\u00ed pueden conseguir piezas \u00fanicas con la calma y la serenidad de los expertos. En la calle m\u00e1s selecta de Barcelona, paseo de Gr\u00e1cia, , Ernest Oriol lleva m\u00e1s de medio siglo en el sector de&hellip;","og_url":"https:\/\/www.ernestoriol.com\/index.php\/nosotros\/","og_site_name":"Ernest Oriol","article_publisher":"https:\/\/www.facebook.com\/Ernest-Oriol-Joyeros-671836189588065","article_modified_time":"2018-07-24T11:27:16+00:00","twitter_card":"summary_large_image","twitter_misc":{"Tiempo de lectura":"2 minutos"},"schema":{"@context":"https:\/\/schema.org","@graph":[{"@type":"WebPage","@id":"https:\/\/www.ernestoriol.com\/index.php\/nosotros\/","url":"https:\/\/www.ernestoriol.com\/index.php\/nosotros\/","name":"NOSOTROS - Ernest Oriol","isPartOf":{"@id":"https:\/\/www.ernestoriol.com\/#website"},"datePublished":"2018-02-19T18:31:14+00:00","dateModified":"2018-07-24T11:27:16+00:00","breadcrumb":{"@id":"https:\/\/www.ernestoriol.com\/index.php\/nosotros\/#breadcrumb"},"inLanguage":"es","potentialAction":[{"@type":"ReadAction","target":["https:\/\/www.ernestoriol.com\/index.php\/nosotros\/"]}]},{"@type":"BreadcrumbList","@id":"https:\/\/www.ernestoriol.com\/index.php\/nosotros\/#breadcrumb","itemListElement":[{"@type":"ListItem","position":1,"name":"Portada","item":"https:\/\/www.ernestoriol.com\/"},{"@type":"ListItem","position":2,"name":"NOSOTROS"}]},{"@type":"WebSite","@id":"https:\/\/www.ernestoriol.com\/#website","url":"https:\/\/www.ernestoriol.com\/","name":"Ernest Oriol","description":"Joyer\u00eda, brillantes, brillantes y piedras preciosas","potentialAction":[{"@type":"SearchAction","target":{"@type":"EntryPoint","urlTemplate":"https:\/\/www.ernestoriol.com\/?s={search_term_string}"},"query-input":"required name=search_term_string"}],"inLanguage":"es"}]}},"_links":{"self":[{"href":"https:\/\/www.ernestoriol.com\/index.php\/wp-json\/wp\/v2\/pages\/1487"}],"collection":[{"href":"https:\/\/www.ernestoriol.com\/index.php\/wp-json\/wp\/v2\/pages"}],"about":[{"href":"https:\/\/www.ernestoriol.com\/index.php\/wp-json\/wp\/v2\/types\/page"}],"author":[{"embeddable":true,"href":"https:\/\/www.ernestoriol.com\/index.php\/wp-json\/wp\/v2\/users\/4"}],"replies":[{"embeddable":true,"href":"https:\/\/www.ernestoriol.com\/index.php\/wp-json\/wp\/v2\/comments?post=1487"}],"version-history":[{"count":27,"href":"https:\/\/www.ernestoriol.com\/index.php\/wp-json\/wp\/v2\/pages\/1487\/revisions"}],"predecessor-version":[{"id":1777,"href":"https:\/\/www.ernestoriol.com\/index.php\/wp-json\/wp\/v2\/pages\/1487\/revisions\/1777"}],"wp:attachment":[{"href":"https:\/\/www.ernestoriol.com\/index.php\/wp-json\/wp\/v2\/media?parent=1487"}],"curies":[{"name":"wp","href":"https:\/\/api.w.org\/{rel}","templated":true}]}}